 factors of t.
13, 19
What are the prime factors of (-1)/(-3)*-9*(-40080)/10?
2, 3, 167
Let d(o) = 18*o + 10. Let w(y) be the second derivative of 35*y**3/6 + 10*y**2 - 31*y. Let a(c) = -5*d(c) + 2*w(c). What are the prime factors of a(-8)?
2, 3, 5
Suppose -89*o - 42*o + 37*o = -332572. List the prime factors of o.
2, 29, 61
Let v = -819 - 270. Let r = v + 1692. List the prime factors of r.
3, 67
Let d be ((-80)/(-50))/(2/400). What are the prime factors of (2 + 125/(-10))*d/(-6)?
2, 5, 7
Suppose -2*g + 218 = 2*j, 2*g = -5*j + 183 + 353. Suppose 0 = -3*d + 1580 + j. List the prime factors of d.
2, 281
Suppose 42*a + 16*a - 458026 = 0. What are the prime factors of a?
53, 149
What are the prime factors of 45/18*(-24857)/(-35)*2?
53, 67
Suppose 43*c + 1177836 = 116*c - 51*c. List the prime factors of c.
2, 3, 8923
Suppose -326 - 84 = -q. Suppose -23*y + q = -21*y. What are the prime factors of y?
5, 41
List the prime factors of 579/(16 + 471/(-30)).
2, 5, 193
Let g = -62 - -71. Let d be g/(-12)*(-60)/9. Suppose 4*r - 1108 = -2*q, -3*r + r + 570 = d*q. What are the prime factors of r?
5, 11
Let i(y) = y**3 + 2*y**2 - y. Let a be i(-2). Suppose -a*d + 4*d - 5*d = 0. Suppose -5*x - 268 = -2*p, 4*p - p - x - 389 = d. What are the prime factors of p?
3, 43
Suppose 2*s = 3*n + 14 + 654, 5*n = 2*s - 1120. Let z = 173 + -536. Let u = n - z. What are the prime factors of u?
137
Suppose 2*u - 3*u + 4298 - 435 = 0. List the prime factors of u.
3863
Suppose -104*c - 104*c - 64*c = -10820432. List the prime factors of c.
7, 5683
Suppose -144567 = -45*u - 24327. List the prime factors of u.
2, 167
Suppose 9 + 0 = 3*z. Suppose -3 = -z*r + 63. Suppose y = 3*u - r, 5*y + 26 = 3*u - 0*y. What are the prime factors of u?
7
Let k = 4479 + -990. List the prime factors of k.
3, 1163
Let n be ((-1 - 1) + 8)/(2 - 4). List the prime factors of (29/n)/(2*4/(-264)).
11, 29
Suppose -w = -2*w. Let f(i) be the second derivative of -2*i**3/3 + 71*i**2/2 - 111*i + 1. What are the prime factors of f(w)?
71
Let y(h) = 3*h**2 + 8*h - 18. Let j be 1/(-4) + (-102)/(-24). Suppose 2*c + 4 = -2*w + w, -j*c = w. List the prime factors of y(w).
2, 5, 11
Let r be 2 - (2 + -6 + 6). List the prime factors of -6 - r - -10 - -340.
2, 43
Let x be (0 + 5)*(5 - 2). Suppose -4*h - 7 = -x. Suppose -4*f + 624 = h*f. List the prime factors of f.
2, 13
Suppose -8*y - 2 + 18 = 0. Let b be ((21/(-14))/(2/(-8)))/y. Suppose b*k = k + 22. What are the prime factors of k?
11
Suppose 2*l + 3 = l + f, -4*f = 0. Let i be l*(-4)/6 - (-15 + -319). Suppose 3*d - 2*w - 336 = -5*w, 0 = -3*d + 4*w + i. List the prime factors of d.
2, 7
Suppose -38*k - 49970 = -43*k - 2*a, -20 = -4*a. What are the prime factors of k?
2, 1249
Let x(d) = -1110 - 1083 + 3266 + 14*d**2 - 11*d - 2*d**3 + d**3 - 1095. Suppose 0 = -5*f - a + 21 + 25, 3*f = -2*a + 22. What are the prime factors of x(f)?
2, 67
Suppose a + j = 2 - 4, -28 = -4*a + 5*j. Let m be -5 + 2 - (-258)/a. Suppose -m = 2*f - 4*f. List the prime factors of f.
3, 7
Let q(p) = 1153*p**2 - 27*p - 4. What are the prime factors of q(2)?
2, 3, 11, 23
Let z = -9 - -16. Suppose z*l - 134 = 9*l. Let w = -43 - l. List the prime factors of w.
2, 3
Let c be ((1 + -1)/(-1))/(-36 - -34). What are the prime factors of -1255*(c - 4/10)?
2, 251
Let m(b) = 178*b + 21. Let n be m(4). Suppose n + 50 = 3*g. List the prime factors of g.
3, 29
Suppose 4*g + y - 6 = 3*y, 3*g - 8 = 5*y. Let d(z) = 6*z - 6 + 27 - g. What are the prime factors of d(22)?
2, 19
List the prime factors of 42/294 + (-23630)/(-14).
2, 211
List the prime factors of ((-3)/(-9) + 15/(-18))/(219/(-2387100)).
2, 5, 109
Let h = 30900 - 12600. What are the prime factors of h?
2, 3, 5, 61
Let b = 46 - 44. Let d be b/3*6/(1 + 1). List the prime factors of 39 + d/(-3 - -5).
2, 5
Let r = 262 + -157. Let d = -85 + r. What are the prime factors of ((-1370)/d)/((-1)/2)?
137
Let n be -1 - -4 - (-16 - -9). Suppose n*h + 39 = 3*q + 7*h, -3*h = 5*q - 33. List the prime factors of q.
3
Let q = 365 + -506. Let d = 5 - 5. List the prime factors of (2 + -6 - q) + -2 + d.
3, 5
Let t = 304 + -213. Suppose 3*q + 2*c = -29 - 26, 3*q + 3*c = -60. Let u = t + q. List the prime factors of u.
2, 19
Let p be (-2 - (-7)/2)*(-4)/3. Let k be (4 - -4) + (-2)/p. Let t(l) = -l**2 + 27*l - 18. List the prime factors of t(k).
2, 3
Suppose -10673 = -f - 4*b, -b - 12699 + 2006 = -f. List the prime factors of f.
3, 7, 509
Let o(k) = k**2 + 17*k - 76. Let z be o(-21). Suppose -4*p + p - 9 = -a, -2*a = 5*p - 7. Suppose -4*d = -a*d + z. What are the prime factors of d?
2
Let x = 166 + -172. What are the prime factors of (8778/(-76))/(x/56)?
2, 7, 11
Suppose -4*y = 3*v - 5419, 4*v - 5412 = 609*y - 613*y. List the prime factors of y.
2, 5, 17
Suppose 11*k + k = 11808. Suppose -3*a + k + 237 = 0. List the prime factors of a.
11, 37
Let y(n) = -n**3 + 24*n**2 + 26*n - 17. Suppose -3*b + 63 = -12. What are the prime factors of y(b)?
2
Suppose -54*t - 20*t = -385466. What are the prime factors of t?
5209
Let a = 132 + -125. List the prime factors of -2 + 756/(42/a).
2, 31
Let z be (-234)/(-34) + 10/85. Suppose -2*n + 127 = s - z*n, 0 = -4*s + 2*n + 472. List the prime factors of s.
3, 13
Suppose 0 = 8*c + 56. Suppose 4*b - 11 = 1. What are the prime factors of c/(7/(-3)) + 36*b?
3, 37
Let u be (1312/(-10))/(96/20 + -5). Let l = -303 + u. What are the prime factors of l?
353
Let s(d) = d**3 + 7*d**2 + 4*d - 8. Let c be s(-6). Suppose -3*k + 7*k - 859 = -g, -4*g - c = 0. Suppose -k = p - 6*p. List the prime factors of p.
43
Suppose 1965 + 3331 = 4*b - 3404. List the prime factors of b.
3, 5, 29
Let t(b) be the third derivative of 337*b**4/24 + 7*b**3/2 - 14*b**2 + 3. List the prime factors of t(3).
2, 3, 43
Suppose -50*q + 8*q = -80472. Suppose 5*y - 2*y - g - q = 0, 4*y - 2*g = 2558. List the prime factors of y.
7, 13
Suppose 25 + 56 = 3*t. Suppose -22*w = -t*w. Suppose w = 4*d + 4*y - 0*y - 152, -d + 20 = -5*y. What are the prime factors of d?
5, 7
Let g = -1296 - -1718. Let y be 2/(-3) + (-22)/(-6). Suppose y*s - 16 = g. List the prime factors of s.
2, 73
Let y(l) = l**3 + 12*l**2 + 8*l - 27. Let m be y(-11). Suppose 0 = 3*j - s - 1963, 2*j - 3*s + m*s - 1305 = 0. List the prime factors of j.
2, 3, 109
Let l(y) = -125*y - 101*y + 44*y + 345 - 127*y. List the prime factors of l(-5).
2, 3, 5, 7
Suppose 4*j = -5*r + 190, -7*j = r - 3*j - 38. Suppose 0 = -5*a + 2*q - 29, -219*a + 3*q = -215*a + 26. What are the prime factors of (-4 + r/(-10))*a?
3, 13
Let y(a) = a**3 - 18*a**2 - 4*a + 4189. What are the prime factors of y(0)?
59, 71
Let j be 38096/2*2/4. List the prime factors of j/16 - (-15)/20.
2, 149
Let p be -4 - (-3 - (3 + 132)). Let k = 14 + p. What are the prime factors of k?
2, 37
Let n(a) = a**3 - 4*a**2 + a + 14. Let p be n(4). List the prime factors of p - 23 - 4*-119.
3, 157
Let r(k) = -2796*k - 669. List the prime factors of r(-6).
3, 7, 13, 59
Suppose 8 = 5*j - 2. Let s be (-28)/(-8) - j/4. Suppose 0 = -4*a + 5*t + 752, 3*a - s*t - 561 = -0*t. List the prime factors of a.
3, 61
Let w be 3/2*(-3 + 5). Suppose -2 = 4*f + 3*u - 3, 17 = w*f - u. Suppose 3*t - f*t = -28. What are the prime factors of t?
2, 7
Let k(c) = 32*c**3 - 119*c + 618. List the prime factors of k(5).
3, 149
Suppose 3*x - 10 = -5*q - 32, 2*q = 8. Let v(l) = 7*l**2 + 8*l + 118. What are the prime factors of v(x)?
2, 13, 53
Suppose -14*x + 812135 + 1778795 = 95*x. List the prime factors of x.
2, 5, 2377
Suppose -11*f = 57497 - 236137. List the prime factors of f.
2, 5, 7, 29
Let h(p) = -1600 - 572*p + 800 + 797. What are the prime factors of h(-2)?
7, 163
Let s = 28 - 25. Suppose -24 = -s*i + 102. List the prime factors of i.
2, 3, 7
Let i(x) = -x**3 - 15*x**2 - 28*x + 198. List the prime factors of i(-28).
2, 37, 151
What are the prime factors of (-1664)/312*(-2 - 10027)?
2, 3343
Suppose -6*q + 144 + 276 = 0. List the prime factors of (q/2)/(11 + 2772/(-253)).
5, 7, 23
Let h(m) = 3622*m + 222. List the prime factors of h(6).
2, 3, 3659
Let z be 299/11 - 2/11. Suppose 24*v - z*v + 513 = 0. List the prime factors of v.
3, 19
Suppose 4*y - 1607 = 693. Suppose y*h - 576*h = -184. What are the prime factors of h?
2, 23
Let u(o) = -o. Let v be (-1 + -1)*(-45)/(-18). Let a be u(v). Suppose 0 = 